+ y - 1. What is l(n)?
19
Let v(m) = -m - 16. Suppose -f + 9*q - 5*q + 615 = 0, 2*q = -10. Let l = f + -614. Give v(l).
3
Suppose -491*h - 4 = -492*h. Suppose g + 10 = 4*y, -3*g + 9*y - 30 = h*y. Let u(i) = -5*i - 8. Determine u(g).
42
Let k(c) = -3*c + 14. Suppose -4*z + 57 = 25. Let a(x) = -5*x + 21. Let v(r) = z*k(r) - 5*a(r). Suppose 72*u = f + 76*u + 21, -4*u = 4*f + 36. Determine v(f).
2
Let c(q) = 2*q**2 - 90*q + 101. Let g be c(44). Let n(z) = -z + 2. Calculate n(g).
-11
Let k = -20987 - -20981. Let w(c) = -4*c - 5. Let f(x) = 4*x + 4. Let n(q) = 2*f(q) + 3*w(q). Calculate n(k).
17
Let c(x) = -x**3 + 8*x**2 + 3*x - 1. Let t(g) = -g**2 + g. Let d(q) = -c(q) + 4*t(q). Let v(s) = s**3 - 3*s**2 - 5*s + 26. Let l be v(2). Calculate d(l).
13
Let r(h) be the third derivative of -h**6/120 - 7*h**5/30 - 5*h**4/8 - 5*h**3/2 - 7*h**2 - 7*h. Calculate r(-13).
11
Let q(f) be the first derivative of 17*f + 92 + 1/2*f**2. Calculate q(0).
17
Let p = 10 - 2. Suppose t + p = 3*t. Let u(z) = z + 4 + 6*z - 5*z - 7. What is u(t)?
5
Let r(m) = -m + 2. Suppose -4*n + 25 = -4*y + 1, 2*y = -3*n - 2. Suppose 0 = -3*k - n*h - 3*h + 41, 3*k + 2*h - 29 = 0. Determine r(k).
-5
Suppose 3*w - 23 = -k, -5*k - 2*w - 21 = -97. Suppose 9*x - k*x - 45 = 0. Let o be 2/x - (-7)/(-9). Let p(h) = 2*h. What is p(o)?
-2
Let f(q) = -2*q. Let b(v) = 13 - 5*v - 2 - 3*v**2 + 11*v + 23*v. Let u be b(10). Let g be f(u). Let d(t) = 5*t**2 + t - 2. Give d(g).
16
Suppose -40 = 136*u - 138*u. Let d be (((-280)/21)/u)/(2/(-18)). Let n(i) = 3*i - 1. Give n(d).
17
Let u(q) = -q**2 + 3*q + 3. Suppose -2*i - 3*i - 88 = 4*l, -5*i = -2*l + 76. Let b(c) = -9*c - 141. Let z be b(i). Give u(z).
3
Let o = 176 - 175. Let m(k) = 2. Let v(y) = -y - 1. Let r(c) = o*v(c) - 2*m(c). Calculate r(4).
-9
Let k(j) = -2*j + 27. Let m be k(11). Suppose -2*v - 5*t = 1, -v - 10 = 4*v + m*t. Let y(i) = i**2 + i + 3. Determine y(v).
9
Let b(j) be the first derivative of -j**4/4 - 2*j**3 - 4*j**2 - 4*j - 1535. Give b(-3).
-7
Let w(c) = -c**3 + 1140*c + 1 - 2290*c + 1151*c. What is w(4)?
-59
Let l(x) = 3*x**2 - 10*x + 13. Let z(g) = 13*g**2 - 41*g + 51. Let w = 771 + -762. Let i(a) = w*l(a) - 2*z(a). Calculate i(6).
3
Let x be ((-1)/(15/36))/((-3)/20). Suppose 3*s = -g + 17, -g + s = 3*s - x. Let c(i) = i - 7. Calculate c(g).
7
Let v(c) be the second derivative of -4*c**3/3 - 13*c**2 + c + 4. Let m be v(-4). Let k(l) = -l**2 + 6*l - 1. Give k(m).
-1
Let q(u) = -u - 3. Let g be q(-4). Let y be g + 22*2/4 + -3. Let s be (-14)/(-4)*(-18)/y. Let a(j) = 2*j - 8. Give a(s).
-22
Suppose -13*f - 48 = -19*f. Let v(c) = -14*c + 3 - f*c + 21*c + 3. Calculate v(4).
2
Let o(w) = 1. Suppose 0 = 9*t + 2*t + 66. Let k(r) be the third derivative of -r**4/24 + 5*r**3/6 + 2*r**2. Let m(h) = t*o(h) + k(h). Determine m(-2).
1
Let l(j) = -j**2 + 15*j - 9. Let d(m) = -m**3 - 26*m**2 + 21*m - 148. Let b be d(-27). Determine l(b).
5
Suppose -2*r = -y, 4*y - 2*y = -4*r. Suppose y = -7*f - f + 768. Let i be (f/80)/((-2)/5). Let c(k) = k**3 + 4*k**2 + k - 3. Give c(i).
3
Let a(f) be the second derivative of -f**4/12 - f**3/6 + f**2/2 + 3*f. Suppose 0 = -3*w + 12, 2*w + 15 - 17 = -3*x. Give a(x).
-1
Let h(n) = 69*n + 74. Let g(q) = 24*q + 25. Let a(v) = -17*g(v) + 6*h(v). Calculate a(-2).
7
Let w(z) = -2*z**2 - 9*z - 5. Let m = 13534 + -13538. Calculate w(m).
-1
Let i(h) be the third derivative of -h**4/24 + 7*h**3 + 1198*h**2 + 2*h. Calculate i(-4).
46
Let g(r) = r**3 - 5*r**2 - 3*r + 6. Let n(u) = u**2 + 94*u + 188. Let l be n(-92). Give g(l).
-22
Suppose -19 + 8 = -p. Let u(o) = -4*o**2 - 2 + 4 - 11*o + p*o. Let h be u(-1). Let g(d) = -d**2 - 4*d - 3. Calculate g(h).
1
Let f(l) = l**3 + 24*l**2 + l + 29. Let c be f(-24). Suppose 5*n = -h - 22, 3*n + 22 = c*h - 10*h. Let p(z) = z**3 + 4*z**2 + z + 8. Determine p(n).
4
Let t(l) = 3*l**3 - 6*l**2 + 3*l - 2. Let q be t(3). Let f(y) = 8*y**2 - 56*y + 3 + y**3 + 2 + q*y + 26*y. Determine f(-8).
-27
Let j(p) = 9*p - 9. Let y(z) = 8*z - 9. Let i(m) = 4*j(m) - 3*y(m). What is i(-3)?
-45
Let g(v) = 257326521*v - 257326521*v - 7*v**2. Determine g(-1).
-7
Let i = -2725 - -2726. Let m(s) = 7*s**3 - s**2 + 2*s - 1. Determine m(i).
7
Let f(r) = -12*r**3 + r - 1. Let d(b) = -10*b - 45. Let s be d(-5). Suppose -4*m + 9 + s = -a, -a = -2*m + 8. Suppose 9 - m = 2*o - 4*h, -3*h = 3. What is f(o)?
-12
Let p(s) = -2*s**3 - 4*s**2 + 4*s + 10. Let i be (2/10)/(371/(-5565)). What is p(i)?
16
Suppose n + 5*j - 19 + 39 = 0, -2*n = j - 5. Let s(i) = -i**3 + 6*i**2 - 2*i - 19. Determine s(n).
-4
Let f be 70/56 + (-30)/(-8). Suppose 2*u = f*x + 3 - 4, 0 = -2*u + 2*x - 4. Let h(n) = n**3 + 4*n**2 + 4*n + 1. Give h(u).
-2
Let j(v) = -2*v**3 - 9*v**2 - 7*v + 11. Suppose -76*z = -b - 81*z + 10, -5*b - 34 = -3*z. Calculate j(b).
71
Let j(z) = 9*z**2 - 4*z + 43. Let r(t) = -11*t**2 + 7*t - 42. Let g(d) = -6*j(d) - 5*r(d). What is g(15)?
12
Let l(r) be the first derivative of r**4/4 - r**3 + r**2 - 4*r - 392. Give l(0).
-4
Let s(h) = 3*h**3 - 5*h**2 + 7. Let w(u) = -7*u**3 + 9*u**2 - 15. Let p = -676 - -678. Let b(i) = p*w(i) + 5*s(i). What is b(7)?
5
Let d(c) = -656*c + 1. Let r be d(-1). Suppose 2*y + r - 677 = 0. Let w(f) = f**3 - 10*f**2 - f + 2. Give w(y).
-8
Suppose 9*v - 3124 = 4*g + 7*v, -3903 = 5*g - 2*v. Let a = 773 + g. Let w(z) = -z**3 - 5*z**2 + 9*z + 11. Give w(a).
-7
Let h(k) = -15 + 0*k + 8*k**2 + 9*k + 1061*k**3 - 1062*k**3. What is h(7)?
97
Let n(r) = -r**3 + 6*r**2 - 7*r - 2. Let s be n(4). Let t(f) = 2 - 35*f + 80*f + f**s - 39*f. Let h be -3 - (-1)/(-3)*3. Give t(h).
-6
Let r(f) = 4*f**2 - 29*f + 3. Let m be r(9). Let q = m - 65. Let w(a) = -29*a**2. Determine w(q).
-29
Suppose 11*d = 8*d - 12. Let p(r) = -r. Let g(v) = v**3 + 5*v**2 + 3*v + 17. Let h be g(-5). Let z(s) = 6*s - 1. Let w(f) = h*z(f) + 11*p(f). Determine w(d).
-6
Let w(u) = -2*u**2 - 50*u - 9. Let p be ((-22)/(-22))/((6/50)/(-3)). Calculate w(p).
-9
Let j = 36 + -92. Let z = -54 - j. Let v(s) = -3*s + 16*s - z - 4*s**2 + 3*s**2 - 14. What is v(11)?
6
Let y(z) = -z**3 - 9677639*z + 9677645*z - 8 - 34. Calculate y(0).
-42
Let d(o) = -47 + 16*o - 35 + 172 - 424. What is d(22)?
18
Let a(r) = r - 8. Let n be -5*2*1*2/(-4). Suppose -3*g + 1 - 11 = c, -c + 5*g + 22 = 0. Suppose 0 = c*o + n*b + 1, 4*o = 5*o - b - 10. Calculate a(o).
-1
Let a(d) = 8*d**3 + d. Suppose 3*q + 5*k + 33 = 0, -22 = 14*q - 12*q + 4*k. Let n = -10 - q. What is a(n)?
9
Let y be (2/(-2) - -1) + -1 + 4. Let q be ((-1 + 0)*y)/((-9)/99). Let o(m) = 18*m + 17*m - q*m. What is o(-1)?
-2
Let q(y) = 18*y - 22. Let h(l) = -67*l + 90. Let o(i) = 6*h(i) + 22*q(i). Determine o(8).
8
Suppose -u = -0*u - 2*r + 42, 0 = -2*u - 2*r - 54. Let t = u - -36. Let x(o) = o**3 - 3*o**2 - 6*o + 1. What is x(t)?
-7
Suppose 5*d = 7509 - 7504. Let p(g) = 4*g**2 - g. Give p(d).
3
Suppose a = -4*b + 959, 13*b - 1189 = 8*b + 2*a. Let r = -249 + b. Let w(d) = d**3 + 11*d**2 + 9*d - 9. Calculate w(r).
1
Let n(g) be the third derivative of -g**5/60 - 3*g**4/8 + 97*g**3/6 - 130*g**2. Let j be n(-15). Let r(v) = -2*v + 2. Determine r(j).
-12
Let a be ((-6)/9)/((21/(-27))/(-7)). Let r(p) = -p**3 - 17*p**2. Let s(t) = -t**3 - 16*t**2 - 1. Let c(y) = a*s(y) + 5*r(y). Calculate c(-11).
6
Let u be ((-72)/(-15))/((-2)/(-10)). Suppose -4*y = -4*j + u, 5*j + 12 = -5*y + j. Let r(x) = 3*x**2 + 2 - 1 - 4*x - 4*x**2. Give r(y).
1
Suppose 120*x = 49*x + 213. Let k(u) = -6*u**2 + 2 - u**3 + 7*u**2 - u**2 - 5*u + 5*u**2. What is k(x)?
5
Let q(t) = 34*t - 65. Let s(g) = 33*g - 42. Let o(b) = 2*q(b) - 3*s(b). Give o(-3).
89
Suppose k - 1 = 2*v, 3*v - 28 = -v - 4*k. Let w(c) = -45 + c**3 + 83 - 45 - 2*c**3 + 3*c - 4*c**v. Calculate w(-5).
3
Let m(k) = 3*k + 1. Let i = -2657 + 2658. What is m(i)?
4
Let v(n) be the first derivative of -n**3/2 - 7*n**2/2 + 27*n - 26. Let a(m) be the first derivative of v(m). Give a(-5).
8
Let l(n) = -n**2 - 4*n + 8. Let g(d) = d**3 + 10*d**2 - d + 103. Let j be g(-11). What is l(j)?
-13
Suppose -4*f + 32 = 4*z + f, -2*f = z - 11. Let h be 3/1 + (-8 - z). Let o(d) = d**2 + 3*d + 5. Give o(h).
45
Let o(m) = -m**3 - m**2 - m - 4. Suppose -3*p - 20 = 2*p, b = -3*p - 7. Suppose 4*d = -5*r + 20, -b*r + d - 2*d + 5 = 0. Give o(r).
-4
Let a(k) = k**3 + 5*k**2 - 7*k - 4. Let y be a(-6). Let f(v) = -5 - 